mmon divisor of p and m?
15
Let x be (-4)/22 + (-135880)/(-1738). What is the highest common factor of 318 and x?
6
Suppose 17*y + 620 = 141*y. Calculate the greatest common factor of 95 and y.
5
Suppose 1 = l + 8. Let a(j) = -j**2 + 3*j + 81. Let f be a(l). What is the greatest common factor of 451 and f?
11
Suppose 3*t + 16 = 5*v, -5*v = 3*t + 12 - 46. Suppose w - 5*w + 470 = v*b, 2*b - w = 175. Let r = -13 + 31. What is the greatest common factor of b and r?
18
Suppose -43*a = 126*a + 38*a - 3726. Let h(p) = -29*p**3 - 3*p**2 + 5*p + 6. Let j be h(-3). Calculate the highest common divisor of a and j.
9
Suppose -568*d = -920*d + 19008. Suppose 3*b - 40 = i + i, -2*b - 3*i = -18. Calculate the greatest common divisor of b and d.
6
Let r(y) = 5*y**2 - 5*y - 58. Let c be r(11). Suppose 608 + c = 10*j. Calculate the highest common divisor of 275 and j.
55
Let c be 15/(-2) - 2/(-4). Let p be -3 + 2 - (4 + c). Suppose -192 = -p*m - 4*m. What is the greatest common divisor of 2 and m?
2
Let y be (-9)/12 - 263835/(-180). Calculate the highest common divisor of 10 and y.
5
Let k = 1143 - 476. Let z(x) = 2*x**2 + 111*x - 148. Let r be z(-57). What is the highest common factor of r and k?
23
Let g = -98 - -101. Suppose 5*r + 175 = 5*j, -2*r = -4*j - g*r + 115. Suppose 0 = 3*o - 512 - 478. Calculate the greatest common factor of o and j.
30
Let r = 2547 + -2341. What is the highest common divisor of 16274 and r?
206
Let o be (-3669)/(-12) - 1/(-4). Let v = -22368 + 22385. What is the greatest common factor of o and v?
17
Suppose 2*c = -2*f + 498, 17 = 3*c + 4*f - 725. What is the highest common divisor of 2 and c?
2
Let f(d) = 5*d + 20. Let l = 22 - 26. Let o be f(l). Suppose -2*r - 2*r + 42 = -2*g, 3*g + 15 = o. What is the greatest common divisor of 64 and r?
8
Let a(l) = -2*l**2 + 82*l - 407. Let h be a(35). Calculate the highest common divisor of 8203 and h.
13
Let v be (522/(-135))/(-58) - (-17099)/15. What is the highest common divisor of v and 660?
60
Let g(z) = -21*z**3 - 3*z**2 + 1. Let t be g(-2). Calculate the highest common divisor of t and 3.
1
Let y(v) = 4*v**2 - 12*v - 1. Let f be y(9). Let z(b) = -2*b**3 + 8*b**2 + 18*b + 3. Let x be z(5). Calculate the highest common factor of f and x.
43
Let q = -5460 - -5588. What is the greatest common divisor of 160 and q?
32
Suppose -r - 5 = 2*z - 26, -3*z + 26 = r. Suppose -5*j = 3*p - 114, -p + 2*j + r = -16. What is the greatest common factor of p and 6?
3
Let d(n) = 7*n + 231. Let i be d(-37). Let r(w) = w**3 + 29*w**2 + 23*w + 28. Let t be r(i). Calculate the highest common divisor of 42 and t.
42
Suppose -4*i = i - 20. Suppose 7*q - 3*q = -i*j + 1912, -2*j = q - 958. Suppose -22*o + 26*o = j. Calculate the greatest common divisor of 48 and o.
24
Suppose -77*b - 6*b = -21*b - 1302. What is the highest common divisor of 126 and b?
21
Suppose 5*q + 60280 = 62840. Suppose -4*w = -3*w - 8. What is the highest common factor of q and w?
8
Let b = 5 - -12. Suppose 3*p + 5*x - 386 = 0, x = -3*p + 377 + b. Suppose -4*s - 49 = -225. Calculate the greatest common divisor of p and s.
44
Let h = -780 - -784. What is the highest common divisor of 5 and h?
1
Suppose 7*w = 6*w + 8. Let g(v) = v**2 - 3*v - 1. Let a be g(w). What is the highest common divisor of 78 and a?
39
Let w(j) = j**3 - 3*j**2 - 10*j - 4. Let m be w(5). Let k be (m/(-6))/(-4 - 40/(-12)). Let x be 430/5 - 2/k*2. What is the greatest common factor of x and 18?
18
Suppose -84*t = -45*t + t - 2160. What is the highest common divisor of t and 32346?
54
Let o(q) = 2722*q**2 + 68*q + 132. Let l be o(-2). What is the greatest common factor of l and 12?
12
Suppose -2*p + 104 = 5*i, 5*i - 8*p + 3*p = 90. Calculate the highest common factor of i and 140.
20
Let f = 14 - -4. Let i be (-3)/12 - 181/(-4). Calculate the greatest common divisor of f and i.
9
Suppose -9*g - 2784 = 15*g. Let y = -124 - 83. Let i = g - y. Calculate the highest common factor of 13 and i.
13
Suppose 0 = 5*z - 34 - 86. Let t be 12/z + (-9)/(-2). Suppose 5*j - 4*j - 18 = -2*s, -t*s - 4*j + 39 = 0. Calculate the highest common factor of 55 and s.
11
Suppose -4*l = -183 + 51. Let s(n) = 13*n**2 - 46*n - 13. Let h be s(4). Calculate the highest common divisor of l and h.
11
Suppose -10 = 4*l + l. Let u be -4*l*(-3)/(-4). Let q(c) = 30*c - 18. Let y be q(1). What is the greatest common factor of y and u?
6
Suppose 0 = -4*y - 2*o - 6 + 24, 0 = 2*y + 3*o - 11. Let c(q) = 16 + 16 - y*q + 0. Let v be c(7). What is the highest common factor of 2 and v?
2
Let v(f) = 25*f**2 + 6*f - 7. Let g be v(1). Let k = 1364 - 1136. What is the greatest common divisor of k and g?
12
Let k = 288 + 2357. What is the greatest common factor of k and 92?
23
Suppose -2*c + 5*c - 821 = k, c = 4*k + 281. Suppose 3*v - 8*v + 105 = 0. What is the greatest common factor of v and c?
21
Let n = 6764 + -6656. What is the greatest common divisor of 117 and n?
9
Suppose -5*u + 86 + 74 = 0. Suppose 175*d - 63597 + 19413 = 11816. What is the highest common divisor of d and u?
32
Let c(m) = m**2 + 9*m + 2. Let u be c(-9). Suppose u*t = 3*i + 122, 4*i = 2*i - 3*t - 90. Let k = i + 130. Calculate the highest common factor of 11 and k.
11
Let n = 113 + 903. Let u = n + -927. What is the highest common factor of 1246 and u?
89
Let v = -4 + 9. Let m(i) = 86*i**2 - 29*i**2 + 5 + i - 56*i**2. Let h be m(v). What is the highest common factor of h and 5?
5
Let v(t) = -2*t**2 - 4*t + 1 + 461*t**3 - 5 - 462*t**3. Let m be v(-2). Calculate the highest common factor of 18 and m.
2
Let v be 6*((-1)/9)/(4/12). Let u(w) = -23*w + 10. Let x be u(v). What is the greatest common factor of 16 and x?
8
Let j(i) = 2*i**3 + i**2 + 2*i - 225. Let s be j(0). Let m = s - -235. Calculate the highest common divisor of 10 and m.
10
Let j(n) = 7*n**2 + 141*n - 1909. Let o be j(13). What is the greatest common factor of 27 and o?
27
Let u = -911 - -1846. Calculate the highest common factor of u and 8041.
187
Let g(t) = t**2 + 40. Let k be g(0). Suppose -5*s + 570 = -2*b - 1940, -3*b - 15 = 0. What is the greatest common factor of s and k?
20
Suppose -787*p + 987*p - 1646916 - 1066684 = 0. Calculate the greatest common divisor of 212 and p.
212
Let j(b) be the second derivative of b**4/12 - 2*b**3 + 5*b**2 + 26*b + 1. Let l be j(13). Let a = -223 + 407. Calculate the greatest common factor of l and a.
23
Let j be (11 - 5)/(15/20). Let d be ((-112)/63)/j - (-7186)/18. Calculate the highest common factor of 21 and d.
21
Let d be (27/(-6))/(15/(-200)). Suppose 13258 = 29*b + 45*b + 2898. What is the highest common factor of b and d?
20
Suppose 35 = -2*c + 167. Suppose 71*w = c*w + 110. Calculate the highest common divisor of w and 2.
2
Suppose -171 = -32*j - 75. Let f(y) = -y**3 + 16*y**2 - 7*y - 12. Let g be f(15). Let h be (-3)/2 + g/8. What is the highest common factor of h and j?
3
Let a(y) = 80*y**2 + 101*y + 565. Let b be a(-5). Calculate the highest common factor of b and 40.
20
Let i be 156/3 - 4/2. Let n = -4952 - -4977. What is the highest common divisor of i and n?
25
Let g(f) = -224*f**2 - 23*f + 46. Let s be g(2). Let d = s - -1091. What is the highest common divisor of d and 30?
15
Let j(i) = -561*i**3 - 46*i**2 + 5*i - 15. Let y be j(-4). Calculate the greatest common factor of 147 and y.
147
Suppose -4*j + 4*i - 7*i = -1458, 0 = -5*j + 4*i + 1776. What is the highest common divisor of j and 420?
60
Suppose -4*r = 4*i - 2080, 5*r - 2081 = -49*i + 45*i. What is the highest common factor of i and 3?
3
Let l(n) = 3*n**2 - 141*n + 36. Let g be l(47). What is the highest common factor of 1170 and g?
18
Let x(y) = -y**3 - 14*y**2 + 38*y + 14. Let l be x(-17). Let h = l - 213. Calculate the greatest common factor of 11 and h.
11
Let s be (-16)/(-10) + ((-30)/(-25))/3. Suppose 0 = s*g - 33 + 21. Calculate the greatest common factor of g and 192.
6
Suppose -4*p = 2*x - 144, -458 = 42*x - 47*x + 4*p. Calculate the highest common factor of 9202 and x.
86
Suppose 2*o - 8 = 5*t + 10, 0 = -5*o - 3*t + 138. Suppose 864 = 4*m - m. What is the highest common factor of m and o?
24
Let w = -1579 - -4303. What is the greatest common divisor of w and 12?
12
Suppose -2*r + 23 = 3*x, 2*r - 18 = -2*x - 2. Suppose -42 = -x*j - 28. Let i be 17/7 - 6/14. What 